ase 16, what is -4ea0e90 + 0?
-4ea0e90
In base 14, what is 2483 - -7c4?
2c67
In base 5, what is 2243 + 30240?
33033
In base 16, what is -1f4 + -1ae?
-3a2
In base 15, what is -1626 + -b6?
-16dc
In base 8, what is -5450634 + 132?
-5450502
In base 11, what is 6447890 - -25?
6447905
In base 5, what is -214 + 12043144?
12042430
In base 15, what is 1894a - -50?
1899a
In base 10, what is -186343 - 144?
-186487
In base 2, what is 10011001110010001110011 + 10011?
10011001110010010000110
In base 4, what is -130 - 20233301?
-20300031
In base 14, what is 50659 - 7c?
505bb
In base 9, what is 2 + -161604382?
-161604380
In base 6, what is 1124212553 - -4?
1124213001
In base 14, what is -97808a + 4?
-978086
In base 12, what is 7a2484 + -3?
7a2481
In base 6, what is -1553 + 21231?
15234
In base 2, what is 100100011 - -110000111100000010010?
110000111100100110101
In base 10, what is 1 + 43795593?
43795594
In base 11, what is -255477 + 8?
-25546a
In base 16, what is -1579 - eb8?
-2431
In base 2, what is -111110110100111101 - 100110?
-111110110101100011
In base 16, what is 20 + -5e04?
-5de4
In base 15, what is -4 + -229115?
-229119
In base 2, what is -10000010011011111100001110 - 10?
-10000010011011111100010000
In base 2, what is -110001111110101110011 + 111000?
-110001111110100111011
In base 6, what is -42402110 + 1245?
-42400421
In base 12, what is -33573 - 66?
-33619
In base 3, what is -2101121010220221 + 11?
-2101121010220210
In base 6, what is 35255 + -534414?
-455115
In base 10, what is -172 + 1223827?
1223655
In base 8, what is 3 - -172610535?
172610540
In base 7, what is -4210554 - 13?
-4210600
In base 11, what is 80a7 + 255?
8351
In base 2, what is 10110101110 + 10101110011001000?
10110001001110110
In base 4, what is -2023203 - 30020?
-2113223
In base 2, what is 1001101001001001010010110 + 0?
1001101001001001010010110
In base 11, what is 21896 - -34a1?
25287
In base 7, what is -310346163 + 4?
-310346156
In base 10, what is -195872965 + -1?
-195872966
In base 16, what is 5 - 677fba2?
-677fb9d
In base 13, what is -c70c - 1bc?
-c8cb
In base 7, what is 21 - 602206?
-602155
In base 5, what is 113010 - -13444?
132004
In base 8, what is -740412 - 30?
-740442
In base 6, what is -33223342 + -41?
-33223423
In base 9, what is -148 - -7135826?
7135667
In base 14, what is 96341a - -86?
9634a2
In base 3, what is -1001002002010 - -10120?
-1001001221120
In base 16, what is 79b - -e015?
e7b0
In base 2, what is 100101 + -100010101010111100111?
-100010101010111000010
In base 4, what is 3103223112 - 122?
3103222330
In base 7, what is -32 + 2606004?
2605642
In base 3, what is -110 - 1012000002122?
-1012000010002
In base 3, what is 2112101022201 + 1112?
2112101101020
In base 9, what is 108 + -68477?
-68368
In base 6, what is 13241231 + 2?
13241233
In base 12, what is -278 - -59b23?
59867
In base 3, what is 1100 - -22112012122?
22112020222
In base 13, what is 47384 + -16?
4736b
In base 6, what is -3 + -2545542313?
-2545542320
In base 8, what is 16 + 1256432?
1256450
In base 2, what is -10011000001101010000 - 11110010001?
-10011000101011100001
In base 4, what is -31 + 312110123?
312110032
In base 12, what is 4531215 + 8?
4531221
In base 2, what is 111001101110001011 + -11000011?
111001101011001000
In base 6, what is 435122534 + 11?
435122545
In base 14, what is 13ba8d - -4?
13ba93
In base 4, what is 13130000230212 + -1?
13130000230211
In base 11, what is -72a + 27aa?
2080
In base 4, what is 11 - -113131032012?
113131032023
In base 7, what is -265026 - 124?
-265153
In base 7, what is 4 - -104210160?
104210164
In base 4, what is -1 + -10031331312?
-10031331313
In base 16, what is -6d9b68 + -3?
-6d9b6b
In base 13, what is 2 - -1a2cba66?
1a2cba68
In base 9, what is -4231 + -3381?
-7622
In base 15, what is 3e3 + 8985?
8d78
In base 8, what is 113 + 227750?
230063
In base 7, what is 210 - -5341553?
5342063
In base 16, what is 5 + 383c2e?
383c33
In base 16, what is 1d + -2719?
-26fc
In base 8, what is -4417320 - 2?
-4417322
In base 5, what is -11204101 - 42?
-11204143
In base 11, what is 5 - 2736633?
-2736629
In base 5, what is 1030 + -422211244?
-422210214
In base 14, what is -33c737 - -3?
-33c734
In base 14, what is -14d - -3a66?
3917
In base 15, what is -2 + -7da04b9?
-7da04bb
In base 13, what is 21 - 34a286?
-34a265
In base 5, what is -13242011020 - 2?
-13242011022
In base 6, what is -14 - 32140240?
-32140254
In base 10, what is -90806 + -207?
-91013
In base 7, what is -4 - -2545463?
2545456
In base 10, what is 6049 + -976?
5073
In base 10, what is -5659 + -762?
-6421
In base 6, what is 235 + -20032010?
-20031331
In base 12, what is -1086a5a + 0?
-1086a5a
In base 2, what is 110100001100 - 1000011011100010?
-111100111010110
In base 7, what is 445131 + 205?
445336
In base 5, what is 422304 + -43201?
324103
In base 13, what is 5b790 + 1a?
5b7aa
In base 7, what is 130610665 - 1?
130610664
In base 11, what is -24a - 86635?
-86884
In base 16, what is -4 + -d69ce9?
-d69ced
In base 10, what is 1681 + 7560?
9241
In base 10, what is 15 + -91813111?
-91813096
In base 3, what is -121022120201100 + 12?
-121022120201011
In base 16, what is 8d - 18d4a?
-18cbd
In base 16, what is -24e790c - -3?
-24e7909
In base 7, what is 432045562 + -25?
432045534
In base 8, what is 731 + 1447?
2400
In base 9, what is 5 + -133687?
-133682
In base 13, what is b35 - -1442?
2277
In base 8, what is -41355 - -3677?
-35456
In base 12, what is -2016794 - -2?
-2016792
In base 10, what is -201948 + 454?
-201494
In base 4, what is -30222330 + -3?
-30222333
In base 13, what is -5 - -10a?
105
In base 8, what is 3 + 11572600?
11572603
In base 13, what is 972c - -358c?
ccbb
In base 13, what is 36b90 + 156?
37016
In base 14, what is -16b140 + -6?
-16b146
In base 11, what is -4 - 28a62680?
-28a62684
In base 15, what is e4dce - -67?
e4e46
In base 6, what is 453 - -15052140?
15053033
In base 13, what is -b0753080 - 4?
-b0753084
In base 6, what is -4 + 350024231?
350024223
In base 2, what is 110110000100111001011 + 111010100?
110110000101110011111
In base 3, what is -10212020120 - -210222?
-10211102121
In base 8, what is -5 - 246315650?
-246315655
In base 2, what is -10111111001 - -1110111111011000?
1110100111011111
In base 14, what is -4c73 - -67?
-4c0a
In base 3, what is 12020122010021 + -10?
12020122010011
In base 7, what is -45230126 + -2?
-45230131
In base 8, what is 452661 - 60?
452601
In base 14, what is aad6 - -a91?
b787
In base 8, what is 222723263 - 0?
222723263
In base 6, what is -4 - 144043302?
-144043310
In base 3, what is 212201210222010 + -100?
212201210221210
In base 6, what is -234 + 242253230?
242252552
In base 8, what is 743 - -174601?
175544
In base 9, what is 15157 + -15051?
106
In base 15, what is -611 + b09?
4e8
In base 2, what is -1111011001100000101001 - 111?
-1111011001100000110000
In base 9, what is 3 - -1811574?
1811577
In base 7, what is -223 - 601443?
-601666
In base 15, what is 254414 + -3?
254411
In base 14, what is a72808 + 2?
a7280a
In base 15, what is 2ea9919 + -2?
2ea9917
In base 4, what is 0 + 11113312213113?
11113312213113
In base 12, what is 5 - -187a390?
187a395
In base 11, what is -15 - -453a100?
453a096
In base 3, what is -11010 - -110101211212?
110101200202
In base 12, what is -20a80 - -335?
-20747
In base 13, what is -36 + -11c492?
-11c4c8
In base 5, what is 2421 - 202011?
-144040
In base 12, what is -590b0114 - 0?
-590b0114
In base 8, what is -1044 + -30502?
-31546
In base 7, what is 54506 - 45146?
6330
In base 8, what is -4250200 + -71?
-4250271
In base 5, what is 21442202020 + -100?
21442201420
In base 3, what is 20010210021 + 1212112?
20012122210
In base 15, what is -290 + 982d2?
98042
In base 14, what is -4854da + 3?
-4854d7
In base 16, what is -11 + -5beeb5?
-5beec6
In base 11, what is 2996306 + -1?
2996305
In base 3, what is 2 - 100221121022102121?
-100221121022102112
In base 10, what is -12 - 20731?
-20743
In base 4, what is -123 - -133100103?
133033320
In base 7, what is -10232 + 561430?
551165
In base 7, what is 223026 + -230?
222466
In base 7, what is -2613113 + 624?
-2612156
In base 9, what is -6267 - -261115?
253737
In base 16, what is -5b030a + -2?
-5b030c
In base 10, what is -1662782 - -27?
-1662755
In base 15, what is 7cced + -23?
7ccca
In base 6, what is 1254341 - 11